 108 and 180.
36
What is the greatest common divisor of 451 and 44?
11
Calculate the highest common divisor of 22 and 187.
11
Calculate the highest common factor of 152 and 133.
19
Calculate the greatest common factor of 3 and 2.
1
What is the highest common divisor of 12 and 264?
12
Calculate the highest common divisor of 99 and 495.
99
What is the greatest common factor of 137 and 17947?
137
What is the highest common factor of 290 and 20?
10
Calculate the highest common factor of 192 and 6.
6
Calculate the highest common divisor of 18 and 342.
18
What is the greatest common factor of 1349 and 142?
71
Calculate the highest common divisor of 176 and 396.
44
What is the highest common factor of 4784 and 48?
16
Calculate the greatest common divisor of 86 and 6.
2
Calculate the greatest common factor of 59 and 59.
59
What is the greatest common factor of 1859 and 1521?
169
What is the greatest common divisor of 27 and 5373?
27
What is the greatest common factor of 224 and 1440?
32
What is the greatest common factor of 1472 and 23?
23
Calculate the greatest common divisor of 28 and 32.
4
Calculate the greatest common divisor of 86 and 33454.
86
Calculate the highest common divisor of 4381 and 26.
13
Calculate the highest common divisor of 896 and 16.
16
Calculate the highest common divisor of 2292 and 96.
12
What is the highest common divisor of 164 and 24?
4
Calculate the highest common divisor of 11 and 737.
11
What is the highest common factor of 18 and 81?
9
Calculate the greatest common factor of 629 and 37.
37
What is the greatest common factor of 22275 and 594?
297
What is the greatest common divisor of 28 and 356?
4
Calculate the highest common factor of 710 and 20.
10
What is the greatest common factor of 153 and 10149?
51
What is the greatest common factor of 244 and 12261?
61
What is the highest common factor of 650 and 4?
2
What is the highest common divisor of 48796 and 44?
44
Calculate the greatest common divisor of 100 and 110.
10
What is the highest common divisor of 22 and 2662?
22
What is the greatest common divisor of 135 and 12?
3
Calculate the highest common factor of 16 and 664.
8
Calculate the greatest common factor of 50 and 625.
25
What is the greatest common factor of 4864 and 114?
38
Calculate the greatest common divisor of 99 and 1100.
11
What is the greatest common factor of 114 and 54?
6
What is the highest common divisor of 35 and 575?
5
What is the highest common divisor of 7293 and 429?
429
Calculate the highest common factor of 17 and 14603.
17
What is the highest common divisor of 880 and 280?
40
What is the highest common divisor of 3164 and 168?
28
What is the greatest common factor of 1300 and 3094?
26
What is the greatest common factor of 1682 and 58?
58
Calculate the highest common divisor of 2214 and 82.
82
What is the highest common factor of 42 and 72?
6
What is the highest common factor of 6604 and 52?
52
Calculate the greatest common factor of 592 and 74.
74
What is the highest common divisor of 8 and 248?
8
Calculate the highest common factor of 28054 and 1352.
338
What is the highest common divisor of 1045 and 285?
95
Calculate the highest common factor of 27 and 9.
9
What is the highest common divisor of 12 and 363?
3
Calculate the highest common divisor of 285 and 420.
15
Calculate the greatest common factor of 748 and 17.
17
What is the greatest common divisor of 5325 and 213?
213
What is the greatest common divisor of 144 and 27?
9
Calculate the highest common factor of 22260 and 28.
28
What is the greatest common divisor of 45 and 3785?
5
What is the highest common divisor of 868 and 28?
28
What is the highest common factor of 68 and 6698?
34
What is the greatest common factor of 198 and 1419?
33
Calculate the highest common factor of 63 and 441.
63
Calculate the highest common factor of 8 and 144.
8
Calculate the highest common divisor of 9282 and 455.
91
What is the highest common factor of 180 and 4284?
36
Calculate the highest common divisor of 115 and 5.
5
Calculate the greatest common divisor of 75 and 285.
15
Calculate the highest common factor of 242 and 22990.
242
Calculate the highest common factor of 360 and 144.
72
Calculate the highest common divisor of 2651 and 110.
11
What is the highest common divisor of 75 and 33?
3
Calculate the highest common divisor of 23 and 3841.
23
Calculate the highest common factor of 105 and 4480.
35
Calculate the greatest common factor of 798 and 84.
42
What is the highest common divisor of 1220 and 40?
20
What is the greatest common divisor of 8 and 54616?
8
Calculate the highest common factor of 136 and 187.
17
What is the greatest common divisor of 3 and 7?
1
What is the greatest common factor of 8 and 5324?
4
What is the highest common divisor of 1626 and 6?
6
What is the highest common factor of 252 and 308?
28
Calculate the highest common divisor of 160 and 720.
80
What is the greatest common factor of 276 and 460?
92
Calculate the greatest common factor of 36 and 7680.
12
What is the highest common divisor of 10 and 11035?
5
Calculate the greatest common factor of 2395 and 20.
5
What is the greatest common divisor of 132 and 12?
12
What is the highest common factor of 9 and 729?
9
Calculate the greatest common divisor of 1631 and 5126.
233
Calculate the greatest common factor of 102 and 1088.
34
What is the highest common factor of 297 and 121?
11
What is the greatest common factor of 11 and 3806?
11
Calculate the highest common divisor of 4152 and 24.
24
Calculate the highest common factor of 3542 and 6118.
322
What is the highest common factor of 3 and 33?
3
Calculate the greatest common divisor of 46 and 135194.
46
Calculate the highest common factor of 249 and 415.
83
Calculate the greatest common factor of 1378 and 13.
13
What is the highest common factor of 49 and 8477?
49
What is the greatest common factor of 170 and 80?
10
What is the greatest common factor of 153 and 85?
17
What is the highest common factor of 16 and 672?
16
Calculate the highest common factor of 1611 and 3401.
179
Calculate the highest common divisor of 206 and 309.
103
Calculate the greatest common factor of 645 and 30.
15
What is the greatest common divisor of 57332 and 44?
44
What is the highest common divisor of 12566 and 122?
122
Calculate the highest common factor of 96 and 51.
3
What is the greatest common factor of 1292 and 578?
34
What is the greatest common factor of 248 and 36?
4
What is the highest common divisor of 40 and 40?
40
What is the highest common factor of 122 and 61?
61
Calculate the highest common factor of 84 and 3801.
21
What is the highest common divisor of 162 and 10881?
27
Calculate the highest common divisor of 1220 and 30.
10
Calculate the greatest common factor of 3185 and 65.
65
Calculate the highest common factor of 44 and 1100.
44
What is the greatest common factor of 324 and 48?
12
Calculate the greatest common factor of 80 and 150.
10
What is the highest common divisor of 33096 and 168?
168
Calculate the highest common divisor of 88 and 344.
8
What is the highest common divisor of 675 and 75?
75
What is the highest common factor of 21138 and 156?
78
What is the greatest common divisor of 44 and 6116?
44
What is the highest common factor of 156 and 65?
13
Calculate the greatest common divisor of 39 and 339.
3
What is the greatest common factor of 341 and 248?
31
Calculate the highest common factor of 10 and 20170.
10
Calculate the greatest common divisor of 63 and 12537.
63
Calculate the highest common factor of 38 and 17518.
38
What is the highest common divisor of 144 and 960?
48
What is the highest common factor of 485 and 3589?
97
What is the highest common factor of 20 and 10870?
10
What is the highest common factor of 54 and 18?
18
What is the greatest common divisor of 635 and 7747?
127
What is the highest common factor of 6 and 39?
3
Calculate the greatest common divisor of 3091 and 11.
11
What is the highest common divisor of 1040 and 104?
104
What is the greatest common factor of 4654 and 52?
26
Calculate the greatest common divisor of 484 and 1573.
121
What is the greatest common divisor of 200 and 180?
20
Calculate the greatest common factor of 135 and 27.
27
Calculate the highest common factor of 11862 and 90.
18
Wh